+ 10515042?
10515043
In base 6, what is -1341203 - -150345?
-1150414
In base 3, what is -12122202222000 + 100?
-12122202221200
In base 7, what is 4432 - -61065?
65530
In base 13, what is -5 + 15c21154?
15c2114c
In base 6, what is 1 + 20102004345?
20102004350
In base 4, what is 10 + 22022110122321?
22022110122331
In base 11, what is -37961 - -11983?
-25a89
In base 6, what is -35045025 - -1015?
-35044010
In base 16, what is -6 - -68050?
6804a
In base 13, what is -15528a - -87?
-155203
In base 9, what is -4886704 + 1?
-4886703
In base 3, what is 10121121000100 - -1202?
10121121002002
In base 16, what is -148d - 5ed2?
-735f
In base 15, what is -120b - 2b6?
-14c2
In base 15, what is 144 + 12008?
1214c
In base 14, what is -5 + 2432410?
2432409
In base 13, what is 1628bcc - -b?
1628c0a
In base 9, what is 4711 + 37674?
43485
In base 10, what is 255311328 - -1?
255311329
In base 13, what is 271 - 100723?
-100482
In base 12, what is 0 - -701973?
701973
In base 6, what is 2 + -3145014541?
-3145014535
In base 3, what is 10011220 - 111122200?
-101110210
In base 6, what is -5104500 - 130?
-5105030
In base 2, what is -11000001111001001010 - -1?
-11000001111001001001
In base 12, what is -56 + -92035?
-9208b
In base 13, what is -9 + -2407219?
-2407225
In base 7, what is 656 - -403445?
404434
In base 5, what is -10011 + 13041102?
13031041
In base 5, what is -11142423 + 32323?
-11110100
In base 5, what is 0 - 224111233?
-224111233
In base 6, what is -4 - 2105220355?
-2105220403
In base 5, what is -313 - -1111233030?
1111232212
In base 10, what is 27 - -2488384?
2488411
In base 12, what is -3 + 7484b33?
7484b30
In base 13, what is -754 - a50b3?
-a5837
In base 2, what is -1010010000000100010 - 100101?
-1010010000001000111
In base 12, what is -6a82 - 960b?
-14491
In base 6, what is -3 - 2020224342?
-2020224345
In base 8, what is 4 + 15447271?
15447275
In base 6, what is 12424 + 124104?
140532
In base 9, what is -3 + 474641375?
474641372
In base 7, what is 5 + -102510150?
-102510142
In base 13, what is -4 - 97b55cb?
-97b5602
In base 13, what is 34c0b6 - -67?
34c150
In base 2, what is 101011011010001110111 + 1000110?
101011011010010111101
In base 8, what is 131621 + -273?
131326
In base 8, what is 1 + 2266444213?
2266444214
In base 4, what is 2101223200 + 101?
2101223301
In base 4, what is -213122102 - -1203?
-213120233
In base 11, what is 1313 - -145a2?
15905
In base 3, what is 10210 - 110220021220?
-110220011010
In base 12, what is -6b + 842b79?
842b0a
In base 12, what is 56b - 6632?
-6083
In base 6, what is 3242054 - -133?
3242231
In base 5, what is 212001032243 - -4?
212001032302
In base 6, what is 2 + -233550153?
-233550151
In base 3, what is -1111012 - 1000220121?
-1002101210
In base 16, what is -575 - -109f?
b2a
In base 4, what is -13311333 - -1100?
-13310233
In base 10, what is 19 + -2126027?
-2126008
In base 12, what is -b - -69181b?
691810
In base 5, what is -1342 + -10441423?
-10443320
In base 4, what is 3310331 + -12011?
3232320
In base 12, what is 462727 + -4?
462723
In base 14, what is 103540 + -5?
103539
In base 15, what is 11c7ba36 + 1?
11c7ba37
In base 16, what is 1dbde8 + -4?
1dbde4
In base 10, what is -624666182 + 2?
-624666180
In base 4, what is -110221 + 220213?
103332
In base 8, what is 3 + -127171040?
-127171035
In base 16, what is -55c97a + 1?
-55c979
In base 14, what is -ad7b06 - -114?
-ad79d2
In base 9, what is -4 + -2853271?
-2853275
In base 16, what is -9300 + -e5?
-93e5
In base 5, what is 3134430200 - 40?
3134430110
In base 2, what is -101001011001010 + -10011110000?
-101011110111010
In base 11, what is 5 - -852792a?
8527934
In base 14, what is b29942 - -4?
b29946
In base 5, what is 102 + 122042224?
122042331
In base 14, what is 7 + -28bb67?
-28bb60
In base 2, what is -100000 + 1100011011110001?
1100011011010001
In base 12, what is 10b300a - 0?
10b300a
In base 11, what is -1 + 464080?
46407a
In base 7, what is -124 + -545304?
-545431
In base 6, what is 413 + 354000?
354413
In base 12, what is -57405160 - 2?
-57405162
In base 2, what is -10001110 + 100010111011010110000?
100010111011000100010
In base 4, what is 1111332211 - 120?
1111332031
In base 5, what is -30130 + 32441?
2311
In base 12, what is 111a - 16923?
-15805
In base 8, what is -107 + 166152?
166043
In base 5, what is -200243 - -13222131?
13021333
In base 4, what is 3 + 10322011012?
10322011021
In base 8, what is 63244206 + 1?
63244207
In base 6, what is 20133051 + -332?
20132315
In base 4, what is -23 + 202301310?
202301221
In base 3, what is -2101202 - 11100112020?
-11102220222
In base 9, what is -150804 - 1458?
-152363
In base 13, what is 12229 - 33c?
11bba
In base 7, what is -10 - 11103364?
-11103404
In base 3, what is -1202022 + -102?
-1202201
In base 12, what is -13 + -1b3315?
-1b3328
In base 15, what is -19151 - 1bc?
-1931d
In base 6, what is 3 - 12535222315?
-12535222312
In base 10, what is 7 + 343687?
343694
In base 6, what is 20 + -25100402?
-25100342
In base 2, what is -100001011100001 + 101010010000?
-11100001010001
In base 12, what is -38415b45b + -2?
-38415b461
In base 11, what is -127 - 4a96a?
-4aa96
In base 2, what is 100001 + 1010101000110001101010?
1010101000110010001011
In base 9, what is 21 + -2138332?
-2138311
In base 7, what is 504 - -665332?
666136
In base 15, what is 4 + -149278d6?
-149278d2
In base 5, what is -202 + 32131303?
32131101
In base 15, what is -e3a67da + 8?
-e3a67d2
In base 7, what is 66 - -654364?
654463
In base 14, what is d11ba0 + -8?
d11b96
In base 12, what is 1948a3 + -9?
194896
In base 13, what is 0 - -25a52b?
25a52b
In base 8, what is -12747063 - -71?
-12746772
In base 10, what is -1895362 - 7?
-1895369
In base 9, what is 21276 - 1012?
20264
In base 7, what is -1330003650 - 3?
-1330003653
In base 16, what is b7 - -6940?
69f7
In base 8, what is 15723403 + 15?
15723420
In base 14, what is 186c193 - -1?
186c194
In base 9, what is 5863142 - -5?
5863147
In base 3, what is -12111210 - -20020011211?
20000200001
In base 8, what is -4244530 + 2?
-4244526
In base 8, what is 30527162 + -27?
30527133
In base 14, what is 96c - a4d?
-c1
In base 12, what is -120798 - -7b?
-120719
In base 10, what is 4955812 + -9?
4955803
In base 11, what is -348168 + 104?
-348064
In base 13, what is 2294967 + -8?
229495c
In base 3, what is 122200002100001122 + 0?
122200002100001122
In base 10, what is -339 - 225171?
-225510
In base 4, what is 20230310 - 30033?
20200211
In base 4, what is 101322032320 + -13?
101322032301
In base 9, what is 4 + 52318656?
52318661
In base 15, what is -42b9e - 97?
-42c46
In base 8, what is 6052346 + -4?
6052342
In base 10, what is -771016 + 12?
-771004
In base 5, what is -44 + 220221431?
220221332
In base 15, what is -7d2a - -c68?
-70b2
In base 10, what is -47646425 - -9?
-47646416
In base 15, what is 2e3db7 + 3?
2e3dba
In base 12, what is 3231 + -9b17?
-68a6
In base 3, what is 102100 - -11212110012?
11212212112
In base 3, what is -2010202011001 - -102101?
-2010201201200
In base 16, what is -7001757 - -3?
-7001754
In base 6, what is 2305511241 + -52?
2305511145
In base 3, what is 1120022 - 20002122222?
-20001002200
In base 16, what is -2d982 - 19?
-2d99b
In base 16, what is b11 - 30b?
806
In base 11, what is 2 + -33332750?
-33332749
In base 3, what is -120 + -1102021202002?
-1102021202122
In base 13, what is 329 - 16b755?
-16b429
In base 14, what is -1c15 + 4?
-1c11
In base 13, what is -15 - -2218b6?
2218a1
In base 15, what is 7 - 80b6d?
-80b66
In base 9, what is 1 - 411164?
-411163
In base 5, what is 41041441331 + 12?
41041441343
In base 2, what is -101 + 10001011101001110110?
10001011101001110001
In base 7, what is -3 - -5150613?
5150610
In base 3, what is 2002110122020 + -1102?
2002110120211
In base 8, what is 66300 + 2232?
70532
In base 16, what is 1d319 + -33d?
1cfdc
In base 6, what is -125001 - -131?
-124430
In base 5, what is 0 - -2014304343?
2014304343
In base 9, what is -5 + -6202216?
-6202222
In base 13, what is 3 + -3799744?
-3799741
In base 3, what is -220 - 1012010100001?
-1012010100221
In base 10, what is 591 + -277464?
-276873
In base 2, what is 0 - -1110001111011010000011001?
1110001111011010000011001
In base 14, what is 1426064 + -2c?
1426036
In base 7, what is -11063132 + -164?
-11063326
In base 3, what is 2210101101